ermine i(-5).
11
Let w(g) = -g**3 - 60*g**2 - 57*g + 127. Give w(-59).
9
Let s(y) = 11*y**3 + 2*y**2 - 5*y - 2. Determine s(2).
84
Let p(w) = -3*w**2 + 279*w + 714. Determine p(95).
144
Let y(z) = -16*z**2 - 76*z - 142. Determine y(-2).
-54
Let l(w) = 3*w**2 - 39*w + 171. Determine l(4).
63
Let f(o) = 2*o**3 - 99*o**2 + 144*o + 14. Determine f(48).
14
Let m(c) = -2*c**3 - c + 3. Determine m(-3).
60
Let s(n) = 48*n + 202. Calculate s(-7).
-134
Let k(j) = -j**3 - 14*j**2 + 31*j - 18. Determine k(-16).
-2
Let o(t) = -2*t**3 + 20*t**2 - 35*t + 81. Give o(7).
130
Let p(v) = -v**3 - 25*v**2 - 16*v + 34. Give p(-24).
-158
Let o(n) = n**3 - 14*n**2 + 18*n - 1. Calculate o(12).
-73
Let l(d) = -5*d - 411. What is l(-41)?
-206
Let l(a) = 60*a**2 - 28*a + 30. Calculate l(1).
62
Let l(q) = -q**3 - 27*q**2 - 125*q + 26. Give l(-21).
5
Let t(o) = -o**3 + 26*o**2 + 119*o + 23. What is t(30)?
-7
Let f(u) = u**3 - 17*u**2 + 153*u + 943. What is f(-4)?
-5
Let h(k) = -5*k**2 - 92*k + 460. What is h(4)?
12
Let s(b) = 23*b**2 + 346*b + 22. Calculate s(-15).
7
Let x(v) = v**3 + 34*v**2 + 19*v - 65. Calculate x(-33).
397
Let j(t) = t**2 - 31*t + 210. What is j(6)?
60
Let z(b) = -b**3 + 56*b**2 - 50*b - 280. Give z(55).
-5
Let y(d) = 2*d**3 + 30*d**2 + 72*d + 4. Determine y(-12).
4
Let c(b) = -30*b**2 + 15*b - 15. Calculate c(1).
-30
Let r(g) = 12*g**2 - 224*g + 338. What is r(17)?
-2
Let x(n) = -n**2 - 109*n - 2897. What is x(-60)?
43
Let u(n) = 4*n**2 + n - 8. Calculate u(-2).
6
Let i(j) = -j**3 - 2*j**2 - 24*j - 50. Give i(-6).
238
Let u(p) = -49*p**2 + 46*p - 2. What is u(1)?
-5
Let d(w) = w**3 + 31*w**2 + 5*w + 184. Determine d(-31).
29
Let h(l) = -19*l**2 + 136*l + 129. Calculate h(8).
1
Let x(l) = -l**3 + 139*l**2 - 241*l - 4531. Determine x(137).
-10
Let f(t) = -26*t - 5. Give f(0).
-5
Let n(q) = 542*q - 2709. What is n(5)?
1
Let n(l) = 381*l + 2. Give n(1).
383
Let q(w) = 6*w**3 + 12*w**2 + 17*w - 7. Determine q(-3).
-112
Let j(p) = 2*p**2 + 28*p - 953. Determine j(16).
7
Let r(b) = 108*b + 8540. Give r(-79).
8
Let g(q) = 624*q - 9970. What is g(16)?
14
Let b(q) = 15*q + 75. Determine b(2).
105
Let v(a) = a**2 - 81*a - 1552. Determine v(-16).
0
Let q(k) = -2*k - 76. What is q(-21)?
-34
Let j(p) = 4*p**3 - 25*p**2 - 72*p + 479. Determine j(6).
11
Let j(t) = 30*t**2 + 186*t - 22. Determine j(-7).
146
Let t(a) = -623*a + 13157. Calculate t(21).
74
Let k(y) = 216*y - 1273. Calculate k(6).
23
Let i(t) = t**3 - 13*t**2 + 36*t - 2. Determine i(9).
-2
Let m(l) = -l**3 + 8*l**2 + 10*l + 28. Determine m(11).
-225
Let i(w) = -22*w + 74. Determine i(22).
-410
Let v(y) = -y**3 - 4*y**2 + 10*y + 2. Determine v(0).
2
Let a(n) = -2*n**2 + 93*n + 492. What is a(51)?
33
Let n(p) = -p**3 - 49*p**2 - 139*p - 59. What is n(-46)?
-13
Let p(b) = -b**3 + 20*b + 1. Determine p(5).
-24
Let p(h) = -282*h - 5022. Give p(-18).
54
Let g(d) = -52*d**3 + 2*d**2 + 11*d - 41. Give g(3).
-1394
Let h(p) = -8*p**3 - 7*p**2 + 52*p + 161. What is h(-3)?
158
Let i(b) = -39*b**2 + 3*b + 9. Give i(0).
9
Let p(y) = 4*y**2 + 70*y + 13. Determine p(-18).
49
Let u(s) = -s**3 + 7*s**2 - 72*s + 381. Give u(6).
-15
Let o(u) = -u**2 - 38*u + 307. Calculate o(7).
-8
Let d(i) = -11*i**2 - 154*i + 12. Calculate d(-14).
12
Let a(u) = 111*u + 923. What is a(-8)?
35
Let t(b) = 2*b**2 + 48*b - 594. Determine t(-33).
0
Let d(z) = -249*z - 8927. Calculate d(-36).
37
Let l(x) = x**3 + 25*x**2 + 2*x - 29. Calculate l(-25).
-79
Let n(l) = -64*l + 8395. Determine n(132).
-53
Let p(n) = 9*n**2 + 9*n + 34. What is p(-4)?
142
Let l(j) = 8*j**2 - 1693*j - 5812. Determine l(215).
-7
Let j(r) = -8*r + 302. Calculate j(37).
6
Let k(d) = 4*d**2 + 65*d + 208. Determine k(-3).
49
Let g(f) = -f**2 - 4038*f - 20158. What is g(-5)?
7
Let a(m) = 51*m - 220. What is a(3)?
-67
Let a(u) = -145*u + 1423. Calculate a(10).
-27
Let c(t) = t**3 + 7*t**2 - 27*t - 82. What is c(-9)?
-1
Let n(c) = c**3 - 55*c**2 - 113*c - 60. What is n(57)?
-3
Let v(t) = -208*t + 1481. What is v(7)?
25
Let q(o) = -65*o**2 - 6*o + 8. Give q(1).
-63
Let y(d) = -32*d + 107. Determine y(5).
-53
Let q(b) = -15*b**2 + 963*b - 192. Calculate q(64).
0
Let u(s) = s**3 + 29*s**2 + 72*s - 86. Calculate u(-26).
70
Let f(y) = -43*y**2 - 143*y - 2. Calculate f(-3).
40
Let z(t) = -17*t - 474. Give z(-31).
53
Let s(u) = 2*u**2 - 124*u - 198. Give s(62).
-198
Let y(t) = t**3 + 2*t**2 + 4*t + 1. Give y(-2).
-7
Let k(x) = 20*x**2 - 280*x - 13. Calculate k(14).
-13
Let z(b) = -11*b**2 + 1262*b + 4247. Determine z(118).
-1
Let m(f) = f**3 - 36*f + 479. Give m(-9).
74
Let k(u) = -3*u**3 - 60*u**2 - 5*u + 14. What is k(-20)?
114
Let o(d) = 27*d**3 - 22*d + 46. Determine o(3).
709
Let c(z) = 123*z + 13222. What is c(-107)?
61
Let y(w) = 2*w**2 + 162*w + 337. Give y(-79).
21
Let j(s) = 961*s + 953. Determine j(-1).
-8
Let c(j) = 335*j - 2283. Calculate c(7).
62
Let z(q) = 3*q**2 - 121*q + 816. Give z(8).
40
Let n(y) = 13*y**2 - 184*y + 175. Give n(13).
-20
Let m(y) = -9*y**2 - 251*y - 1318. Determine m(-7).
-2
Let h(q) = -q**2 + 2*q + 139. What is h(-11)?
-4
Let t(l) = -3584*l + 3585. Calculate t(1).
1
Let j(a) = 30*a**2 - 392*a + 36. Give j(13).
10
Let k(r) = -r**3 + 405*r**2 - 1607*r - 3. What is k(4)?
-15
Let z(u) = -356*u - 8674. Give z(-24).
-130
Let z(c) = -8*c**2 - 40*c + 13. What is z(-5)?
13
Let y(c) = 54*c - 33. Determine y(0).
-33
Let j(z) = -21*z - 676. Determine j(-38).
122
Let o(r) = r**2 - 145*r + 683. Determine o(140).
-17
Let t(f) = -101*f + 133. What is t(1)?
32
Let i(u) = 335*u - 2514. Determine i(7).
-169
Let s(u) = 17*u**3 + u**2 - 5*u + 9. What is s(2)?
139
Let b(g) = -18*g + 257. Give b(19).
-85
Let u(i) = -2*i**2 + 9*i + 39. Give u(7).
4
Let a(g) = -7*g**2 - 5*g. Calculate a(-2).
-18
Let s(t) = -t**3 + 46*t**2 - 341*t + 75. Determine s(9).
3
Let b(s) = 149*s**3 + 11*s - 11. Give b(1).
149
Let p(g) = -g**2 - 30*g - 13. What is p(-31)?
-44
Let m(u) = -u**3 - 11*u**2 + 75*u + 815. Determine m(-12).
59
Let j(c) = c**3 - 30*c**2 - 3*c + 105. Give j(30).
15
Let o(g) = 19*g - 59. Give o(4).
17
Let w(p) = 3*p**3 + 49*p**2 - 30*p - 35. Determine w(-17).
-103
Let d(l) = -10*l**2 - 44*l + 17. What is d(-5)?
-13
Let w(n) = 2*n**2 - 5*n - 24. What is w(6)?
18
Let m(k) = 9*k + 86. What is m(-8)?
14
Let k(a) = -a**2 + 378*a + 43245. Calculate k(-92).
5
Let f(r) = 873*r + 12311. Give f(-14).
89
Let t(q) = 7*q**2 + 264*q + 661. Calculate t(-35).
-4
Let r(x) = -12*x + 33. Determine r(-21).
285
Let h(t) = 138*t + 3028. Give h(-22).
-8
Let i(t) = t**3 + 22*t**2 - 141*t - 3327. Give i(-21).
75
Let p(i) = -i**2 + 2475*i + 7431. Calculate p(-3).
-3
Let k(u) = -4*u**2 + 105*u - 745. Give k(11).
-74
Let r(a) = 12*a**2 - 54*a - 38. Give r(5).
-8
Let h(a) = -6*a**2 + 47*a - 3. Give h(8).
-11
Let a(t) = -5*t + 17. What is a(-1)?
22
Let r(p) = 147*p - 3524. Determine r(24).
4
Let l(q) = 5*q**3 + 3*q**2 + 7*q + 4. Determine l(-1).
-5
Let h(x) = x**3 + 21*x**2 - 16*x + 27. Calculate h(-22).
-105
Let l(h) = 714*h + 5026. Give l(-7).
28
Let c(d) = 14*d + 284. Give c(-22).
-24
Let j(n) = 2618*n + 8. What is j(0)?
8
Let m(i) = -i**2 - 81*i + 1726. Determine m(17).
60
Let y(s) = 2*s**3 - 58*s**2 + 64*s - 60. Determine y(28).
164
Let q(f) = 3*f**2 + 50*f + 44. What is q(-9)?
-163
Let r(t) = -3*t**3 - 33*t**2 - 48*t - 93. Calculate r(-10).
87
Let h(s) = s**2 + 24*s + 135. Give h(-26).
187
Let k(g) = -g**3 - 6*g**2 + 13*g + 4. Give k(-6).
-74
Let y(c) = -c**3 - 6*c**2 + 37*c + 13. Give y(4).
1
Let d(h) = 17*h**2 - 9*h + 8. What is d(1)?
16
Let m(w) = -w**3 + 15*w**2 - 11*w - 11. Determine m(6).
247
Let o(j) = 2*j**3 + 3*j**2 - 2*j + 2. What is o(-3)?
-19
Let k(w) = 36*w + 701. Calculate k(-19).
17
Let b(x) = 9*x**2 + 79*x - 48. Give b(-8).
-104
Let j(r) = 5*r**2 + 46*r - 110. Give j(-12).
58
Let l(w) = -3*w + 19. Determine l(23).
-50
Let q(c) = -c**2 + 114*c + 2767. What is q(-23)?
-384
Let k(l) = -77*l + 1004. Give k(13).
3
Let s(o) = 254*o - 1011. Calculate s(4).
5
Let v(c) = 2*c**3 - 33*c**2 + 45*c + 22. What is v(15)?
22
Let g(o) = 5*o**2 - 92*o - 364. Give g(21).
-91
Let g(u) = u**3 - 15*u**2 + 40*u - 10. Calculate g(3).
2
Let t(w) = w**3 + 174*w**2 - 4752*w + 6. Calculate t(24).
6
Let w(y) = -2*y**2 + 56*y + 125. What is w(33)?
-205
Let z(p) = 3*p - 21. Give z(18).
33
Let c(a) = -274*a - 30